 o(7). Suppose -a*m + 299 = -g. What is the remainder when m is divided by 25?
23
Let o = -52 - -42. Let h(f) = 4*f + 42. Let z be h(o). Suppose -134 = -2*t + 5*l, -7*l + 370 = 5*t - z*l. What is the remainder when t is divided by 19?
15
Suppose -5*a + 4940 = -9*r + 14*r, 3*r = 12. What is the remainder when a is divided by 85?
49
Suppose 7*g + 128 = 429. Suppose 203 = -42*i + g*i. What is the remainder when i is divided by 53?
44
Let o = -2 + 5. Suppose -27*f - 31*f + 23655 = -f. Suppose f = 4*l - 2*v - 47, -o*l = v - 339. What is the remainder when l is divided by 9?
6
Let b = 2 + 12. Suppose 2*m + m + 33 = 4*d, -5*d = 15. Let j = 42 + m. Calculate the remainder when j is divided by b.
13
Let b(v) = -18*v + 0 + 1 - 7*v - 11*v**3 - 6*v**2 + 18*v. Calculate the remainder when b(-2) is divided by 13.
1
Let f(p) = p**2 + 5*p + 3. Let h be f(-5). Suppose h*x + 4 = 67. Suppose 168 = 4*z + 144. Calculate the remainder when x is divided by z.
3
Let b be 0 + 311 + 0 + (-105)/(-21). Suppose -4*y - b = -6*y. Calculate the remainder when y is divided by 18.
14
Let w(c) = -3438*c + 20940. Calculate the remainder when 6562 is divided by w(6).
10
What is the remainder when 69 is divided by (-72)/63*3/2*-7?
9
Suppose 5*s + 3*n - 52 = 0, 4*n - 8*n = 4. Suppose -3*x - 5*t + 383 = -20, -5*t = -x + 101. Let f = x + -93. Calculate the remainder when f is divided by s.
0
Suppose 43*o - 18 = 37*o. Suppose -o*z + 30 = -6*a + 3*a, -5*a = z + 14. Suppose 2*r = -3*r + 110. Calculate the remainder when r is divided by z.
4
Suppose -33*b - 8 = -34*b. Calculate the remainder when ((-32)/(-18))/b - 6400/(-36) is divided by 9.
7
Let g = 112 - 101. Let n(p) = -p**3 - 2*p**2 - 5*p + 1. Calculate the remainder when n(-4) is divided by g.
9
Let l(v) = -v**3 - v**2 - 1. Let a(s) = 6*s**3 + 12*s**2 + 8*s + 12. Let x(w) = a(w) + 5*l(w). What is the remainder when 512/24*15/10 is divided by x(-5)?
15
Suppose -2*r - 1184 = 2*w - 25444, 2*w - 24314 = 4*r. Calculate the remainder when w is divided by 69.
64
Let l be ((-3)/(-2))/((-4)/(-8)). Suppose l*s - 6*s = -30. Calculate the remainder when 69 is divided by (s/(-30))/((-1)/57).
12
Suppose 3*j + 4*u + 236 = 17, -4*u - 288 = 4*j. What is the remainder when 214 is divided by (j/12 + 6)*36?
7
Let b(f) = -225*f - 870. Calculate the remainder when (-2*(1 + 51))/(4/(-16)) is divided by b(-4).
26
Suppose 1 + 11 = -4*o. Let n(u) = -2*u**3 - 6*u**2 - 8*u - 7. Suppose -2*a = 6*a - 40. Calculate the remainder when n(o) is divided by a.
2
Suppose -5*o + 90 = 5*r, 3*o + 0*o - 3*r - 66 = 0. What is the remainder when 34 is divided by o?
14
Let g be 2*(-3 + (-3)/((-6)/23)). Suppose -g = -6*p + 13. What is the remainder when p is divided by 1?
0
Suppose 0 = 5*d + 4*x - 333, 25*x = 4*d + 76*x + 355. Suppose -h + 165 = 4*h. Suppose 0 = -y + h + 7. Calculate the remainder when d is divided by y.
37
Suppose 3*n = j + 2, -5*j = 4*n - 6*j - 2. Let w be 4/(24/(-18)) + n + 13. Suppose u - w = 3*u, 5*u - 43 = -2*l. What is the remainder when 66 is divided by l?
32
Let d(g) = -198*g + 2. Let t be d(1). Let z = 109 + t. Let o = -62 - z. What is the remainder when 97 is divided by o?
22
Calculate the remainder when (-8820)/(-150) - (-26)/130 is divided by 1/(-3) - (-103)/3.
25
Let g(f) = -2*f**2 + 32*f - 25. Suppose -4*v - 4*y + 44 = 0, -3*v - 5*y = -0*y - 37. What is the remainder when g(14) is divided by v?
4
Suppose 5*z = h - 131, 2*z + 3*h = 9 - 58. Let l = z - -113. Calculate the remainder when l is divided by 33.
21
Let a be -12 + 14 - 1*-27. Suppose 8*z = 163 + a. Let y = z - -11. What is the remainder when 136 is divided by y?
31
Suppose 4*k = 20, 5*d + 92 = -2*k + 227. What is the remainder when ((-6174)/(-84))/((-6)/(-16)*2) is divided by d?
23
Suppose -165 = -3*y + 18. Let g = 7678 - 7374. What is the remainder when g is divided by y?
60
Suppose -4*u + 156 = 3*h, 3*h = -276*u + 281*u + 129. Calculate the remainder when 3020 is divided by h.
44
Let x(d) = -d**2 + 384*d - 8594. Suppose -2*a = -b - 97, 45 = a + 5*b - 2*b. Calculate the remainder when x(25) is divided by a.
45
Let z(p) = p**3 - 15*p**2 + 15*p - 9. Let a be z(14). Suppose -a*h - o = -3*o - 534, 6 = 2*o. Let j = h + -63. Calculate the remainder when j is divided by 17.
11
Let c(d) = 8*d + 89. Let r be c(-10). Suppose 0*u - u = -r. Calculate the remainder when 77 is divided by u.
5
Calculate the remainder when 6998 is divided by (11/((-220)/(-270)) + -6)*2.
8
Let b = 1448 - 1254. What is the remainder when b is divided by 33?
29
Let a(c) = 8*c**3 + 47*c**2 - 18*c - 31. Let p(j) = -33*j - 2. What is the remainder when p(-5) is divided by a(-6)?
40
What is the remainder when 235 is divided by 4 + ((-612)/(-16))/(33/88)?
23
Suppose 23922 = -633*y + 687*y. Calculate the remainder when y is divided by 405.
38
Let d be ((-4)/(-10))/((-54)/(-7020)). Let p = 57 - d. Calculate the remainder when p is divided by 4 - 4 - (-5 - -1).
1
Let t be 14/49 + (-1942)/(-14). Suppose c - t = -5*q, q - 3*c - 17 = -2. What is the remainder when 430 is divided by q?
25
Suppose -38*w + 5*g = -40*w + 4679, 0 = -4*w + 5*g + 9403. What is the remainder when w is divided by 4?
3
Suppose 0 = 3*d, -172 = -4*i + 3*d - 6*d. What is the remainder when (-3 - -10)/(21/633) is divided by i?
39
Let v(d) = d**2 + 8*d + 5. Let y be v(-13). Suppose 0 = 6*f - f - y. Let z(h) = h**3 + h**2 - 29*h - 64. Calculate the remainder when f is divided by z(-4).
2
Let h = 4455 + -4451. What is the remainder when 1219 is divided by h?
3
Let v be -3*3/(-2)*8/(-9). Let w be (v/6)/(4/6). Calculate the remainder when (w/(-4) + (-42)/24)*-106 is divided by 40.
39
Let x(a) be the first derivative of a**4/4 - 10*a**3/3 + 17*a**2/2 - 22*a - 41. What is the remainder when x(10) is divided by 31?
24
Calculate the remainder when 2 + 875 + 0/((-210)/15) is divided by 419.
39
Let t = -2577 + 3782. What is the remainder when t is divided by 386?
47
Suppose y + 428 = 432. Suppose -165 - 10 = -5*o. Suppose -17 = -y*u + o. What is the remainder when 21 is divided by u?
8
Let i(o) be the first derivative of 21*o**2/2 - 2*o + 4. Let l(v) = v**3 - 3*v**2 - 9*v. Let s be l(5). Calculate the remainder when i(s) is divided by 26.
25
Suppose 5*f - 105 = -2*m + 202, -5*f = -4*m - 331. Calculate the remainder when 2203 is divided by f.
61
Calculate the remainder when 724 is divided by -7 + ((-384)/18)/(2/(-3)).
24
Let i be ((-16)/6 + 6)*3/2. Suppose 0 = -i*h + 27 + 8. Suppose -2*s = 3*b - 46, 14 = -0*s + s - 3*b. Calculate the remainder when s is divided by h.
6
Let q = 76 - 74. Suppose -q*d + 50 = 4*k, -5*d - k = -2*k - 92. What is the remainder when d is divided by 15?
4
Let l(h) = -9*h**2 + 15*h + 132. Let f(z) = 4*z**2 - 7*z - 67. Let s(x) = 7*f(x) + 3*l(x). Calculate the remainder when s(12) is divided by 17.
6
Suppose -3*l + l = 960. Let z = -248 - l. What is the remainder when 24 is divided by 2/5 + (1 - z/(-20))?
11
Let n = -152 - -284. What is the remainder when 102 is divided by n/(-330) - ((-154)/10 + 0)?
12
Let k(x) = 5*x**2 + 18*x + 7. Let o be k(-4). Suppose 3*u = 9, -3*q + 5*u - 12 = o. Let v = q - -9. Calculate the remainder when 44 is divided by v.
4
Let u be -1 - (-2 + 6) - -1. Let o be 0 + u - (-15 + -209). Suppose 6*n + 5*n = o. Calculate the remainder when 57 is divided by n.
17
Let z = 1005 + -995. Calculate the remainder when 413 is divided by z.
3
What is the remainder when 319 is divided by 113/2 + 1330/380?
19
Suppose -2*t = 3*t + 65. Let k = t - -19. Let z = 90 - 66. Calculate the remainder when z is divided by k.
0
Let t(l) = 10*l + 230. Calculate the remainder when 513 is divided by t(-20).
3
Let z = 10600 + -4893. Calculate the remainder when z is divided by 33.
31
Suppose 5*d - 245 = 5*l, 18*d + 36 = 23*d + 6*l. Let v(x) = -x**3 - 3*x**2 - 2*x + 4. Calculate the remainder when v(-5) is divided by d.
4
Let j = -1453 + 1524. Calculate the remainder when 2837 is divided by j.
68
Let l = 29 + 16. Suppose 0 = w + 18 + l. Calculate the remainder when 159 is divided by w/(-2) + (-15)/(-30).
31
Let q(m) = -3*m - 17. Let p be q(-7). Let z be p/(-2*1/12). Let b = z - -49. What is the remainder when b is divided by 7?
4
What is the remainder when 108 is divided by (137 + -135)*(-66)/(-4)?
9
Let n = 6901 + -6875. What is the remainder when 103